 17345909 a composite number?
True
Is 427157 prime?
False
Is 8873873 a prime number?
False
Is 4544867 a prime number?
False
Is 155795251 a prime number?
True
Is 29288621 prime?
False
Is 1248847 composite?
False
Is 195510283 composite?
False
Is 31398713 a composite number?
True
Is 150155491 a prime number?
True
Is 462947 a prime number?
True
Is 121520605 composite?
True
Is 1240193 prime?
True
Is 16021751 composite?
False
Is 542233 a composite number?
True
Is 404873743 prime?
True
Is 145590779 composite?
True
Is 21758251 a composite number?
True
Is 31759762 composite?
True
Is 264312453 composite?
True
Is 5227181 composite?
True
Is 579046053 a prime number?
False
Is 391220927 a composite number?
False
Is 31702843 a composite number?
False
Is 1307923 prime?
True
Is 5894033 prime?
True
Is 2955059 composite?
True
Is 17221627 composite?
False
Is 762187 a composite number?
False
Is 150711427 composite?
False
Is 4017581 a composite number?
False
Is 102433 prime?
True
Is 19514251 a prime number?
True
Is 1539943 composite?
False
Is 90172873 a composite number?
True
Is 26243933 a prime number?
True
Is 1836127 a composite number?
True
Is 2140499 composite?
True
Is 18716231 a composite number?
False
Is 86440007 composite?
False
Is 98162 prime?
False
Is 14873627 prime?
False
Is 19563217 a prime number?
False
Is 1036787 prime?
True
Is 334832107 a prime number?
False
Is 84944063 a composite number?
True
Is 5919781 a prime number?
False
Is 14471 prime?
False
Is 9002449 composite?
False
Is 207765533 a composite number?
False
Is 1135660359 a prime number?
False
Is 204336101 a prime number?
True
Is 4494067 composite?
False
Is 982391 a prime number?
False
Is 16489883 a prime number?
True
Is 782413 a prime number?
False
Is 28894163 a composite number?
False
Is 3418655 a composite number?
True
Is 1388819 a composite number?
False
Is 78899341 a prime number?
False
Is 14726141 a composite number?
True
Is 14245667 prime?
True
Is 43769051 composite?
False
Is 37081963 a prime number?
True
Is 229926053 a composite number?
True
Is 2046203 a prime number?
True
Is 64091311 a prime number?
True
Is 5597791 a composite number?
True
Is 8695735 composite?
True
Is 2036299 composite?
False
Is 83059259 a prime number?
True
Is 26208227 prime?
True
Is 149085311 a composite number?
True
Is 4562267 a prime number?
False
Is 1430131 a prime number?
True
Is 106903 a composite number?
False
Is 745817 a prime number?
True
Is 8005681 composite?
False
Is 26156113 prime?
False
Is 39340667 prime?
True
Is 13134635 prime?
False
Is 36885587 a composite number?
True
Is 221951 composite?
False
Is 6779167 prime?
False
Is 109379843 composite?
True
Is 18300091 a composite number?
True
Is 56448797 a prime number?
False
Is 13043381 prime?
False
Is 339582893 a composite number?
True
Is 3409499 composite?
False
Is 86870155 a prime number?
False
Is 37505969 composite?
False
Is 25683673 composite?
False
Is 4926385 prime?
False
Is 111372787 prime?
True
Is 111699899 prime?
True
Is 424480381 prime?
False
Is 13024105 prime?
False
Is 19602907 a composite number?
False
Is 51279814 a composite number?
True
Is 1761061 a prime number?
False
Is 1576741 composite?
True
Is 2034913 composite?
False
Is 255952726 prime?
False
Is 2331731 composite?
True
Is 1365977 prime?
True
Is 109429739 composite?
False
Is 15984431 a prime number?
False
Is 227948993 a composite number?
False
Is 4352889 prime?
False
Is 874193 a prime number?
True
Is 749219 a composite number?
False
Is 10378219 composite?
False
Is 4163683 a prime number?
False
Is 40558601 composite?
False
Is 55858393 composite?
False
Is 13544962 a prime number?
False
Is 94421 prime?
True
Is 8948483 prime?
False
Is 274037129 a composite number?
True
Is 1937161 composite?
True
Is 165596086 a composite number?
True
Is 72955777 a composite number?
False
Is 37710007 composite?
False
Is 72929531 composite?
False
Is 254717 prime?
False
Is 19809209 composite?
True
Is 5469109 a composite number?
False
Is 28699609 a prime number?
False
Is 202033805 prime?
False
Is 8123086 a prime number?
False
Is 10468589 composite?
False
Is 29621663 a prime number?
False
Is 111846071 prime?
True
Is 1125217 composite?
False
Is 69008333 prime?
True
Is 118553 prime?
False
Is 31147982 a prime number?
False
Is 1807629 a prime number?
False
Is 53766967 prime?
True
Is 27695027 a prime number?
False
Is 977465 a prime number?
False
Is 6875627 a composite number?
True
Is 6480839 a prime number?
False
Is 1291279 prime?
False
Is 144125887 a prime number?
False
Is 6774431 composite?
True
Is 9686381 prime?
False
Is 19171753 prime?
True
Is 50968147 composite?
False
Is 1917131 composite?
True
Is 5438477 composite?
True
Is 27203 composite?
True
Is 4793471 prime?
True
Is 156888617 composite?
True
Is 525802 prime?
False
Is 2494553 a composite number?
False
Is 610411 a composite number?
True
Is 9793279 a prime number?
False
Is 255719929 prime?
False
Is 5413487 a composite number?
True
Is 15898277 composite?
True
Is 2339401 a composite number?
True
Is 82380043 composite?
True
Is 273862603 a composite number?
True
Is 6648419 a composite number?
True
Is 8038867 a composite number?
False
Is 305260667 composite?
False
Is 10672891 a composite number?
False
Is 16761967 a prime number?
False
Is 379952627 prime?
True
Is 11654917 prime?
False
Is 1018295659 a prime number?
False
Is 326199583 a composite number?
False
Is 102661957 composite?
False
Is 739433 prime?
True
Is 4412003 composite?
True
Is 1138583 a composite number?
True
Is 432338441 a composite number?
True
Is 58716431 composite?
True
Is 32319719 composite?
False
Is 3695639 a composite number?
False
Is 76080905 a prime number?
False
Is 6893779 composite?
True
Is 204697055 prime?
False
Is 14899153 composite?
False
Is 807322 a prime number?
False
Is 98696159 a composite number?
True
Is 113945101 a prime number?
False
Is 11648813 a prime number?
False
Is 5949971 composite?
False
Is 2009239 composite?
False
Is 1495361 composite?
True
Is 4611301 composite?
True
Is 526451 a prime number?
False
Is 3637451 a prime number?
False
Is 179164289 a composite number?
False
Is 93760099 prime?
True
Is 473653 composite?
True
Is 33475205 prime?
False
Is 3456703 a prime number?
True
Is 111960337 a composite number?
False
Is 155295941 composite?
False
Is 4871001 prime?
False
Is 1080343519 composite?
False
Is 3163427 a composite number?
False
Is 4960105 a prime number?
False
Is 12595493 a composite number?
True
Is 142217599 a prime number?
True
Is 335839 a composite number?
True
Is 201895133 composite?
True
Is 24077147 a composite number?
False
Is 4905799 composite?
False
Is 3033035 a prime number?
False
Is 21858383 prime?
True
Is 32126921 a composite number?
False
Is 11239351 a prime number?
True
Is 3670291 a composite number?
False
Is 1137243 prime?
False
Is 2268389 a prime number?
True
Is 469501 a composite number?
False
Is 22176491 prime?
True
Is 771418 a prime number?
False
Is 4124221 prime?
True
Is 310183007 prime?
False
Is 6593689 a prime number?
True
Is 7682627 a prime number?
False
Is 226472993 a composite number?
False
Is 53861473 prime?
False
Is 12848597 a composite number?
False
Is 14781161 prime?
True
Is 1135151 prime?
False
Is 352670169 prime?
False
Is 8016343 prime?
True
Is 17578661 composite?
False
Is 4116773 a composite number?
True
Is 31713127 prime?
True
Is 412436977 prime?
True
Is 1973143 composite?
False
Is 175231541 composite?
False
Is 3571699 a prime number?
True
Is 2155441 composite?
True
Is 615971 prime?
True
Is 12796819 prime?
False
Is 27183787 a composite number?
True
Is 88487429 a composite number?
True
Is 2350399 composite?
False
Is 31190746 a composite number?
True
Is 2504731 a composite number?
True
Is 6077441 a prime number?
True
Is 5372389 composite?
True
Is 454562 a prime number?
False
Is 62572373 a prime number?
True
Is 19433521 a prime number?
True
Is 202423487 prime?
False
Is 3103847 a prime number?
True
Is 2970518 a prime number?
False
Is 2032403 composite?
False
Is 19842071 a composite number?
False
Is 8986501 prime?
False
Is 27001131 a composite number?
True
Is 55891591 composite?
True
Is 1892827 composite?
False
Is 74626709 prime?
True
Is 24373031 a composite number?
True
Is 591089 prime?
True
Is 4151249 prime?
False
Is 43930421 prime?
True
Is 3381